{"id":3629,"date":"2022-04-15T07:10:38","date_gmt":"2022-04-15T07:10:38","guid":{"rendered":"https:\/\/www.camping-amelia.fr\/virtual-visit-home\/"},"modified":"2026-01-29T14:46:57","modified_gmt":"2026-01-29T14:46:57","slug":"virtual-visit-home","status":"publish","type":"page","link":"https:\/\/www.camping-amelia.fr\/en\/virtual-visit-home\/","title":{"rendered":"virtual visit of the reception"},"content":{"rendered":"<div class=\"wpb-content-wrapper\"><p>[vc_row][vc_column][layerslider_vc id=&#8221;42&#8243;][\/vc_column][\/vc_row][vc_row full_width=&#8221;stretch_row&#8221; css=&#8221;.vc_custom_1680616033336{padding-right: 20px !important;padding-left: 20px !important;background-color: #223572 !important;background-position: center !important;background-repeat: no-repeat !important;background-size: contain !important;}&#8221; el_class=&#8221;barre&#8221;][vc_column width=&#8221;1\/2&#8243;][vc_column_text]Camping Am\u00e9lia **[\/vc_column_text][\/vc_column][vc_column width=&#8221;1\/2&#8243;][vc_column_text css=&#8221;&#8221;]<\/p>\n<p style=\"text-align: right;\">Booking : <span style=\"color: #00ccff;\"><a style=\"color: #00ccff;\" href=\"tel:0468390049\" rel=\"noopener\">+33 468 390 049<\/a><\/span><\/p>\n<p>[\/vc_column_text][\/vc_column][\/vc_row][vc_row][vc_column][\/vc_column][\/vc_row][vc_row][vc_column][vc_column_text css=&#8221;&#8221;]<\/p>\n<h1 style=\"text-align: center;\">Welcome to Camping Am\u00e9lia** in Am\u00e9lie-les-Bains<\/h1>\n<p style=\"text-align: center;\"><span style=\"color: #000000;\">We&#8217;ll help you envision your stay at Camping Am\u00e9lia**, <strong>just 5 minutes from the center of Am\u00e9lie-les-Bains and 10 minutes from the center of C\u00e9ret<\/strong>!<br \/>\nDiscover our comfortable <a href=\"https:\/\/www.camping-amelia.fr\/en\/cottages\/\">1- or 2-bedroom mobile homes<\/a> and our <a href=\"https:\/\/www.camping-amelia.fr\/en\/pitch\/\">pitches<\/a> with or without electricity for tents, motorhomes, and caravans.<\/span><\/p>\n<p>[\/vc_column_text][vc_column_text css=&#8221;&#8221;]<iframe loading=\"lazy\" style=\"border: 0;\" src=\"https:\/\/www.google.com\/maps\/embed?pb=!4v1720605501375!6m8!1m7!1sCAoSLEFGMVFpcFAyOUFXY0JuellsYlpxVVFIUlR3TG9ZZGxHTFByN2Q4Tzc3b1h6!2m2!1d42.479007708931!2d2.6737925641854!3f13.84369294796904!4f0.4427717593636089!5f0.7820865974627469\" width=\"100%\" height=\"450\" frameborder=\"0\" allowfullscreen=\"allowfullscreen\"><\/iframe>[\/vc_column_text][\/vc_column][\/vc_row][vc_row][vc_column][vc_empty_space][vc_separator][vc_column_text css=&#8221;&#8221;]<\/p>\n<h4 style=\"text-align: center;\"><span style=\"color: #000080;\">A team ready to listen to you<\/span><\/h4>\n<p style=\"text-align: center;\"><span style=\"color: #000000;\">Reservations and information by phone at <strong>+33 468 390 049<\/strong> or by email at <strong>info@camping-amelia.fr<\/strong><\/span><strong><br \/>\nFollow our news on <a href=\"https:\/\/www.facebook.com\/campingamelia\">Facebook<\/a> &amp; <a href=\"https:\/\/www.instagram.com\/amelia_camping\/?fbclid=IwY2xjawPoUBBleHRuA2FlbQIxMQBicmlkETBOYlgzNnZnZlU3MFoxcHoyc3J0YwZhcHBfaWQBMAABHsQ5uBDZ3UYRlWKOkgDWNHbskltAbadTnnJr3_AfypoEGjThAak5g9qkUn_k_aem_BY-9MOmepxdw4e8Huag1WA\">Instagram<\/a><br \/>\n<\/strong>Book online on our website under the <a href=\"https:\/\/thelisresa.webcamp.fr\/?camping=amelia&amp;PHPSESSID=tb8ck1fuj63gg7k3emeu1pe3sg&amp;lang=en\">&#8220;Book online&#8221;<\/a> section.<\/p>\n<p>[\/vc_column_text][\/vc_column][\/vc_row]<\/p>\n<\/div>","protected":false},"excerpt":{"rendered":"<p>[vc_row][vc_column][layerslider_vc id=&#8221;42&#8243;][\/vc_column][\/vc_row][vc_row full_width=&#8221;stretch_row&#8221; css=&#8221;.vc_custom_1680616033336{padding-right: 20px !important;padding-left: 20px !important;background-color: #223572 !important;background-position: center !important;background-repeat: no-repeat !important;background-size: contain !important;}&#8221; el_class=&#8221;barre&#8221;][vc_column width=&#8221;1\/2&#8243;][vc_column_text]Camping Am\u00e9lia **[\/vc_column_text][\/vc_column][vc_column width=&#8221;1\/2&#8243;][vc_column_text css=&#8221;&#8221;] Booking : +33 468 390 049 [\/vc_column_text][\/vc_column][\/vc_row][vc_row][vc_column][\/vc_column][\/vc_row][vc_row][vc_column][vc_column_text css=&#8221;&#8221;] Welcome to Camping Am\u00e9lia** in Am\u00e9lie-les-Bains We&#8217;ll help you envision your stay at Camping Am\u00e9lia**, just 5 minutes from the center of Am\u00e9lie-les-Bains and 10 [&hellip;]<\/p>\n","protected":false},"author":1,"featured_media":0,"parent":0,"menu_order":0,"comment_status":"open","ping_status":"open","template":"","meta":{"site-sidebar-layout":"no-sidebar","site-content-layout":"plain-container","ast-site-content-layout":"normal-width-container","site-content-style":"unboxed","site-sidebar-style":"unboxed","ast-global-header-display":"","ast-banner-title-visibility":"","ast-main-header-display":"","ast-hfb-above-header-display":"","ast-hfb-below-header-display":"","ast-hfb-mobile-header-display":"","site-post-title":"disabled","ast-breadcrumbs-content":"","ast-featured-img":"disabled","footer-sml-layout":"","theme-transparent-header-meta":"default","adv-header-id-meta":"","stick-header-meta":"default","header-above-stick-meta":"","header-main-stick-meta":"","header-below-stick-meta":"","astra-migrate-meta-layouts":"set","ast-page-background-enabled":"default","ast-page-background-meta":{"desktop":{"background-color":"var(--ast-global-color-4)","background-image":"","background-repeat":"repeat","background-position":"center center","background-size":"auto","background-attachment":"scroll","background-type":"","background-media":"","overlay-type":"","overlay-color":"","overlay-opacity":"","overlay-gradient":""},"tablet":{"background-color":"","background-image":"","background-repeat":"repeat","background-position":"center center","background-size":"auto","background-attachment":"scroll","background-type":"","background-media":"","overlay-type":"","overlay-color":"","overlay-opacity":"","overlay-gradient":""},"mobile":{"background-color":"","background-image":"","background-repeat":"repeat","background-position":"center center","background-size":"auto","background-attachment":"scroll","background-type":"","background-media":"","overlay-type":"","overlay-color":"","overlay-opacity":"","overlay-gradient":""}},"ast-content-background-meta":{"desktop":{"background-color":"var(--ast-global-color-5)","background-image":"","background-repeat":"repeat","background-position":"center center","background-size":"auto","background-attachment":"scroll","background-type":"","background-media":"","overlay-type":"","overlay-color":"","overlay-opacity":"","overlay-gradient":""},"tablet":{"background-color":"var(--ast-global-color-5)","background-image":"","background-repeat":"repeat","background-position":"center center","background-size":"auto","background-attachment":"scroll","background-type":"","background-media":"","overlay-type":"","overlay-color":"","overlay-opacity":"","overlay-gradient":""},"mobile":{"background-color":"var(--ast-global-color-5)","background-image":"","background-repeat":"repeat","background-position":"center center","background-size":"auto","background-attachment":"scroll","background-type":"","background-media":"","overlay-type":"","overlay-color":"","overlay-opacity":"","overlay-gradient":""}},"footnotes":""},"class_list":["post-3629","page","type-page","status-publish","hentry"],"yoast_head":"<!-- This site is optimized with the Yoast SEO plugin v27.5 - https:\/\/yoast.com\/product\/yoast-seo-wordpress\/ -->\n<title>virtual visit of the reception - Camping Am\u00e9lia **<\/title>\n<meta name=\"robots\" content=\"index, follow, max-snippet:-1, max-image-preview:large, max-video-preview:-1\" \/>\n<link rel=\"canonical\" href=\"https:\/\/www.camping-amelia.fr\/en\/virtual-visit-home\/\" \/>\n<meta property=\"og:locale\" content=\"en_US\" \/>\n<meta property=\"og:type\" content=\"article\" \/>\n<meta property=\"og:title\" content=\"virtual visit of the reception - Camping Am\u00e9lia **\" \/>\n<meta property=\"og:description\" content=\"[vc_row][vc_column][layerslider_vc id=&#8221;42&#8243;][\/vc_column][\/vc_row][vc_row full_width=&#8221;stretch_row&#8221; css=&#8221;.vc_custom_1680616033336{padding-right: 20px !important;padding-left: 20px !important;background-color: #223572 !important;background-position: center !important;background-repeat: no-repeat !important;background-size: contain !important;}&#8221; el_class=&#8221;barre&#8221;][vc_column width=&#8221;1\/2&#8243;][vc_column_text]Camping Am\u00e9lia **[\/vc_column_text][\/vc_column][vc_column width=&#8221;1\/2&#8243;][vc_column_text css=&#8221;&#8221;] Booking : +33 468 390 049 [\/vc_column_text][\/vc_column][\/vc_row][vc_row][vc_column][\/vc_column][\/vc_row][vc_row][vc_column][vc_column_text css=&#8221;&#8221;] Welcome to Camping Am\u00e9lia** in Am\u00e9lie-les-Bains We&#8217;ll help you envision your stay at Camping Am\u00e9lia**, just 5 minutes from the center of Am\u00e9lie-les-Bains and 10 [&hellip;]\" \/>\n<meta property=\"og:url\" content=\"https:\/\/www.camping-amelia.fr\/en\/virtual-visit-home\/\" \/>\n<meta property=\"og:site_name\" content=\"Camping Am\u00e9lia **\" \/>\n<meta property=\"article:modified_time\" content=\"2026-01-29T14:46:57+00:00\" \/>\n<meta name=\"twitter:card\" content=\"summary_large_image\" \/>\n<meta name=\"twitter:label1\" content=\"Est. reading time\" \/>\n\t<meta name=\"twitter:data1\" content=\"1 minute\" \/>\n<script type=\"application\/ld+json\" class=\"yoast-schema-graph\">{\"@context\":\"https:\\\/\\\/schema.org\",\"@graph\":[{\"@type\":\"WebPage\",\"@id\":\"https:\\\/\\\/www.camping-amelia.fr\\\/en\\\/virtual-visit-home\\\/\",\"url\":\"https:\\\/\\\/www.camping-amelia.fr\\\/en\\\/virtual-visit-home\\\/\",\"name\":\"virtual visit of the reception - Camping Am\u00e9lia **\",\"isPartOf\":{\"@id\":\"https:\\\/\\\/www.camping-amelia.fr\\\/#website\"},\"datePublished\":\"2022-04-15T07:10:38+00:00\",\"dateModified\":\"2026-01-29T14:46:57+00:00\",\"breadcrumb\":{\"@id\":\"https:\\\/\\\/www.camping-amelia.fr\\\/en\\\/virtual-visit-home\\\/#breadcrumb\"},\"inLanguage\":\"en-US\",\"potentialAction\":[{\"@type\":\"ReadAction\",\"target\":[\"https:\\\/\\\/www.camping-amelia.fr\\\/en\\\/virtual-visit-home\\\/\"]}]},{\"@type\":\"BreadcrumbList\",\"@id\":\"https:\\\/\\\/www.camping-amelia.fr\\\/en\\\/virtual-visit-home\\\/#breadcrumb\",\"itemListElement\":[{\"@type\":\"ListItem\",\"position\":1,\"name\":\"Accueil\",\"item\":\"https:\\\/\\\/www.camping-amelia.fr\\\/en\\\/\"},{\"@type\":\"ListItem\",\"position\":2,\"name\":\"virtual visit of the reception\"}]},{\"@type\":\"WebSite\",\"@id\":\"https:\\\/\\\/www.camping-amelia.fr\\\/#website\",\"url\":\"https:\\\/\\\/www.camping-amelia.fr\\\/\",\"name\":\"Camping Am\u00e9lia **\",\"description\":\"Am\u00e9lie-les-Bains\",\"potentialAction\":[{\"@type\":\"SearchAction\",\"target\":{\"@type\":\"EntryPoint\",\"urlTemplate\":\"https:\\\/\\\/www.camping-amelia.fr\\\/?s={search_term_string}\"},\"query-input\":{\"@type\":\"PropertyValueSpecification\",\"valueRequired\":true,\"valueName\":\"search_term_string\"}}],\"inLanguage\":\"en-US\"}]}<\/script>\n<!-- \/ Yoast SEO plugin. -->","yoast_head_json":{"title":"virtual visit of the reception - Camping Am\u00e9lia **","robots":{"index":"index","follow":"follow","max-snippet":"max-snippet:-1","max-image-preview":"max-image-preview:large","max-video-preview":"max-video-preview:-1"},"canonical":"https:\/\/www.camping-amelia.fr\/en\/virtual-visit-home\/","og_locale":"en_US","og_type":"article","og_title":"virtual visit of the reception - Camping Am\u00e9lia **","og_description":"[vc_row][vc_column][layerslider_vc id=&#8221;42&#8243;][\/vc_column][\/vc_row][vc_row full_width=&#8221;stretch_row&#8221; css=&#8221;.vc_custom_1680616033336{padding-right: 20px !important;padding-left: 20px !important;background-color: #223572 !important;background-position: center !important;background-repeat: no-repeat !important;background-size: contain !important;}&#8221; el_class=&#8221;barre&#8221;][vc_column width=&#8221;1\/2&#8243;][vc_column_text]Camping Am\u00e9lia **[\/vc_column_text][\/vc_column][vc_column width=&#8221;1\/2&#8243;][vc_column_text css=&#8221;&#8221;] Booking : +33 468 390 049 [\/vc_column_text][\/vc_column][\/vc_row][vc_row][vc_column][\/vc_column][\/vc_row][vc_row][vc_column][vc_column_text css=&#8221;&#8221;] Welcome to Camping Am\u00e9lia** in Am\u00e9lie-les-Bains We&#8217;ll help you envision your stay at Camping Am\u00e9lia**, just 5 minutes from the center of Am\u00e9lie-les-Bains and 10 [&hellip;]","og_url":"https:\/\/www.camping-amelia.fr\/en\/virtual-visit-home\/","og_site_name":"Camping Am\u00e9lia **","article_modified_time":"2026-01-29T14:46:57+00:00","twitter_card":"summary_large_image","twitter_misc":{"Est. reading time":"1 minute"},"schema":{"@context":"https:\/\/schema.org","@graph":[{"@type":"WebPage","@id":"https:\/\/www.camping-amelia.fr\/en\/virtual-visit-home\/","url":"https:\/\/www.camping-amelia.fr\/en\/virtual-visit-home\/","name":"virtual visit of the reception - Camping Am\u00e9lia **","isPartOf":{"@id":"https:\/\/www.camping-amelia.fr\/#website"},"datePublished":"2022-04-15T07:10:38+00:00","dateModified":"2026-01-29T14:46:57+00:00","breadcrumb":{"@id":"https:\/\/www.camping-amelia.fr\/en\/virtual-visit-home\/#breadcrumb"},"inLanguage":"en-US","potentialAction":[{"@type":"ReadAction","target":["https:\/\/www.camping-amelia.fr\/en\/virtual-visit-home\/"]}]},{"@type":"BreadcrumbList","@id":"https:\/\/www.camping-amelia.fr\/en\/virtual-visit-home\/#breadcrumb","itemListElement":[{"@type":"ListItem","position":1,"name":"Accueil","item":"https:\/\/www.camping-amelia.fr\/en\/"},{"@type":"ListItem","position":2,"name":"virtual visit of the reception"}]},{"@type":"WebSite","@id":"https:\/\/www.camping-amelia.fr\/#website","url":"https:\/\/www.camping-amelia.fr\/","name":"Camping Am\u00e9lia **","description":"Am\u00e9lie-les-Bains","potentialAction":[{"@type":"SearchAction","target":{"@type":"EntryPoint","urlTemplate":"https:\/\/www.camping-amelia.fr\/?s={search_term_string}"},"query-input":{"@type":"PropertyValueSpecification","valueRequired":true,"valueName":"search_term_string"}}],"inLanguage":"en-US"}]}},"_links":{"self":[{"href":"https:\/\/www.camping-amelia.fr\/en\/wp-json\/wp\/v2\/pages\/3629","targetHints":{"allow":["GET"]}}],"collection":[{"href":"https:\/\/www.camping-amelia.fr\/en\/wp-json\/wp\/v2\/pages"}],"about":[{"href":"https:\/\/www.camping-amelia.fr\/en\/wp-json\/wp\/v2\/types\/page"}],"author":[{"embeddable":true,"href":"https:\/\/www.camping-amelia.fr\/en\/wp-json\/wp\/v2\/users\/1"}],"replies":[{"embeddable":true,"href":"https:\/\/www.camping-amelia.fr\/en\/wp-json\/wp\/v2\/comments?post=3629"}],"version-history":[{"count":2,"href":"https:\/\/www.camping-amelia.fr\/en\/wp-json\/wp\/v2\/pages\/3629\/revisions"}],"predecessor-version":[{"id":6513,"href":"https:\/\/www.camping-amelia.fr\/en\/wp-json\/wp\/v2\/pages\/3629\/revisions\/6513"}],"wp:attachment":[{"href":"https:\/\/www.camping-amelia.fr\/en\/wp-json\/wp\/v2\/media?parent=3629"}],"curies":[{"name":"wp","href":"https:\/\/api.w.org\/{rel}","templated":true}]}}

<div class="wpb-content-wrapper"><p>[vc_row][vc_column][layerslider_vc id=&#8221;42&#8243;][/vc_column][/vc_row][vc_row full_width=&#8221;stretch_row&#8221; css=&#8221;.vc_custom_1680616033336{padding-right: 20px !important;padding-left: 20px !important;background-color: #223572 !important;background-position: center !important;background-repeat: no-repeat !important;background-size: contain !important;}&#8221; el_class=&#8221;barre&#8221;][vc_column width=&#8221;1/2&#8243;][vc_column_text]Camping Amélia **[/vc_column_text][/vc_column][vc_column width=&#8221;1/2&#8243;][vc_column_text css=&#8221;&#8221;]</p>
<p style="text-align: right;">Booking : <span style="color: #00ccff;"><a style="color: #00ccff;" href="tel:0468390049" rel="noopener">+33 468 390 049</a></span></p>
<p>[/vc_column_text][/vc_column][/vc_row][vc_row][vc_column][/vc_column][/vc_row][vc_row][vc_column][vc_column_text css=&#8221;&#8221;]</p>
<h1 style="text-align: center;">Welcome to Camping Amélia** in Amélie-les-Bains</h1>
<p style="text-align: center;"><span style="color: #000000;">We&#8217;ll help you envision your stay at Camping Amélia**, <strong>just 5 minutes from the center of Amélie-les-Bains and 10 minutes from the center of Céret</strong>!<br />
Discover our comfortable <a href="https://www.camping-amelia.fr/en/cottages/">1- or 2-bedroom mobile homes</a> and our <a href="https://www.camping-amelia.fr/en/pitch/">pitches</a> with or without electricity for tents, motorhomes, and caravans.</span></p>
<p>[/vc_column_text][vc_column_text css=&#8221;&#8221;]<iframe loading="lazy" style="border: 0;" src="https://www.google.com/maps/embed?pb=!4v1720605501375!6m8!1m7!1sCAoSLEFGMVFpcFAyOUFXY0JuellsYlpxVVFIUlR3TG9ZZGxHTFByN2Q4Tzc3b1h6!2m2!1d42.479007708931!2d2.6737925641854!3f13.84369294796904!4f0.4427717593636089!5f0.7820865974627469" width="100%" height="450" frameborder="0" allowfullscreen="allowfullscreen"></iframe>[/vc_column_text][/vc_column][/vc_row][vc_row][vc_column][vc_empty_space][vc_separator][vc_column_text css=&#8221;&#8221;]</p>
<h4 style="text-align: center;"><span style="color: #000080;">A team ready to listen to you</span></h4>
<p style="text-align: center;"><span style="color: #000000;">Reservations and information by phone at <strong>+33 468 390 049</strong> or by email at <strong>info@camping-amelia.fr</strong></span><strong><br />
Follow our news on <a href="https://www.facebook.com/campingamelia">Facebook</a> &amp; <a href="https://www.instagram.com/amelia_camping/?fbclid=IwY2xjawPoUBBleHRuA2FlbQIxMQBicmlkETBOYlgzNnZnZlU3MFoxcHoyc3J0YwZhcHBfaWQBMAABHsQ5uBDZ3UYRlWKOkgDWNHbskltAbadTnnJr3_AfypoEGjThAak5g9qkUn_k_aem_BY-9MOmepxdw4e8Huag1WA">Instagram</a><br />
</strong>Book online on our website under the <a href="https://thelisresa.webcamp.fr/?camping=amelia&amp;PHPSESSID=tb8ck1fuj63gg7k3emeu1pe3sg&amp;lang=en">&#8220;Book online&#8221;</a> section.</p>
<p>[/vc_column_text][/vc_column][/vc_row]</p>
</div>

<p>[vc_row][vc_column][layerslider_vc id=&#8221;42&#8243;][/vc_column][/vc_row][vc_row full_width=&#8221;stretch_row&#8221; css=&#8221;.vc_custom_1680616033336{padding-right: 20px !important;padding-left: 20px !important;background-color: #223572 !important;background-position: center !important;background-repeat: no-repeat !important;background-size: contain !important;}&#8221; el_class=&#8221;barre&#8221;][vc_column width=&#8221;1/2&#8243;][vc_column_text]Camping Amélia **[/vc_column_text][/vc_column][vc_column width=&#8221;1/2&#8243;][vc_column_text css=&#8221;&#8221;] Booking : +33 468 390 049 [/vc_column_text][/vc_column][/vc_row][vc_row][vc_column][/vc_column][/vc_row][vc_row][vc_column][vc_column_text css=&#8221;&#8221;] Welcome to Camping Amélia** in Amélie-les-Bains We&#8217;ll help you envision your stay at Camping Amélia**, just 5 minutes from the center of Amélie-les-Bains and 10 [&hellip;]</p>

<!-- This site is optimized with the Yoast SEO plugin v27.5 - https://yoast.com/product/yoast-seo-wordpress/ -->
<title>virtual visit of the reception - Camping Amélia **</title>
<meta name="robots" content="index, follow, max-snippet:-1, max-image-preview:large, max-video-preview:-1" />
<link rel="canonical" href="https://www.camping-amelia.fr/en/virtual-visit-home/" />
<meta property="og:locale" content="en_US" />
<meta property="og:type" content="article" />
<meta property="og:title" content="virtual visit of the reception - Camping Amélia **" />
<meta property="og:description" content="[vc_row][vc_column][layerslider_vc id=&#8221;42&#8243;][/vc_column][/vc_row][vc_row full_width=&#8221;stretch_row&#8221; css=&#8221;.vc_custom_1680616033336{padding-right: 20px !important;padding-left: 20px !important;background-color: #223572 !important;background-position: center !important;background-repeat: no-repeat !important;background-size: contain !important;}&#8221; el_class=&#8221;barre&#8221;][vc_column width=&#8221;1/2&#8243;][vc_column_text]Camping Amélia **[/vc_column_text][/vc_column][vc_column width=&#8221;1/2&#8243;][vc_column_text css=&#8221;&#8221;] Booking : +33 468 390 049 [/vc_column_text][/vc_column][/vc_row][vc_row][vc_column][/vc_column][/vc_row][vc_row][vc_column][vc_column_text css=&#8221;&#8221;] Welcome to Camping Amélia** in Amélie-les-Bains We&#8217;ll help you envision your stay at Camping Amélia**, just 5 minutes from the center of Amélie-les-Bains and 10 [&hellip;]" />
<meta property="og:url" content="https://www.camping-amelia.fr/en/virtual-visit-home/" />
<meta property="og:site_name" content="Camping Amélia **" />
<meta property="article:modified_time" content="2026-01-29T14:46:57+00:00" />
<meta name="twitter:card" content="summary_large_image" />
<meta name="twitter:label1" content="Est. reading time" />
	<meta name="twitter:data1" content="1 minute" />
<script type="application/ld+json" class="yoast-schema-graph">{"@context":"https:\/\/schema.org","@graph":[{"@type":"WebPage","@id":"https:\/\/www.camping-amelia.fr\/en\/virtual-visit-home\/","url":"https:\/\/www.camping-amelia.fr\/en\/virtual-visit-home\/","name":"virtual visit of the reception - Camping Amélia **","isPartOf":{"@id":"https:\/\/www.camping-amelia.fr\/#website"},"datePublished":"2022-04-15T07:10:38+00:00","dateModified":"2026-01-29T14:46:57+00:00","breadcrumb":{"@id":"https:\/\/www.camping-amelia.fr\/en\/virtual-visit-home\/#breadcrumb"},"inLanguage":"en-US","potentialAction":[{"@type":"ReadAction","target":["https:\/\/www.camping-amelia.fr\/en\/virtual-visit-home\/"]}]},{"@type":"BreadcrumbList","@id":"https:\/\/www.camping-amelia.fr\/en\/virtual-visit-home\/#breadcrumb","itemListElement":[{"@type":"ListItem","position":1,"name":"Accueil","item":"https:\/\/www.camping-amelia.fr\/en\/"},{"@type":"ListItem","position":2,"name":"virtual visit of the reception"}]},{"@type":"WebSite","@id":"https:\/\/www.camping-amelia.fr\/#website","url":"https:\/\/www.camping-amelia.fr\/","name":"Camping Amélia **","description":"Amélie-les-Bains","potentialAction":[{"@type":"SearchAction","target":{"@type":"EntryPoint","urlTemplate":"https:\/\/www.camping-amelia.fr\/?s={search_term_string}"},"query-input":{"@type":"PropertyValueSpecification","valueRequired":true,"valueName":"search_term_string"}}],"inLanguage":"en-US"}]}</script>
<!-- / Yoast SEO plugin. -->

virtual visit of the reception - Camping Amélia **

[vc_row][vc_column][layerslider_vc id=&#8221;42&#8243;][/vc_column][/vc_row][vc_row full_width=&#8221;stretch_row&#8221; css=&#8221;.vc_custom_1680616033336{padding-right: 20px !important;padding-left: 20px !important;background-color: #223572 !important;background-position: center !important;background-repeat: no-repeat !important;background-size: contain !important;}&#8221; el_class=&#8221;barre&#8221;][vc_column width=&#8221;1/2&#8243;][vc_column_text]Camping Amélia **[/vc_column_text][/vc_column][vc_column width=&#8221;1/2&#8243;][vc_column_text css=&#8221;&#8221;] Booking : +33 468 390 049 [/vc_column_text][/vc_column][/vc_row][vc_row][vc_column][/vc_column][/vc_row][vc_row][vc_column][vc_column_text css=&#8221;&#8221;] Welcome to Camping Amélia** in Amélie-les-Bains We&#8217;ll help you envision your stay at Camping Amélia**, just 5 minutes from the center of Amélie-les-Bains and 10 [&hellip;]

Camping Amélia **

Amélie-les-Bains
